{"version":"1.0","provider_name":"| Blog Mapa de Hot\u00e9is","provider_url":"https:\/\/www.mapadehoteis.com.br\/blog","author_name":"Anna Balvetti","author_url":"https:\/\/www.mapadehoteis.com.br\/blog\/author\/annabalvetti\/","title":"N\u00f4made Festival 2025: Atra\u00e7\u00f5es e Onde de Hospedar","type":"rich","width":600,"height":338,"html":"<blockquote class=\"wp-embedded-content\" data-secret=\"5aLK64SWLc\"><a href=\"https:\/\/www.mapadehoteis.com.br\/blog\/festas\/nomade-festival-2025-atracoes-e-onde-de-hospedar\/\">N\u00f4made Festival 2025: Atra\u00e7\u00f5es e Onde de Hospedar<\/a><\/blockquote><iframe sandbox=\"allow-scripts\" security=\"restricted\" src=\"https:\/\/www.mapadehoteis.com.br\/blog\/festas\/nomade-festival-2025-atracoes-e-onde-de-hospedar\/embed\/#?secret=5aLK64SWLc\" width=\"600\" height=\"338\" title=\"&#8220;N\u00f4made Festival 2025: Atra\u00e7\u00f5es e Onde de Hospedar&#8221; &#8212; | Blog Mapa de Hot\u00e9is\" data-secret=\"5aLK64SWLc\" frameborder=\"0\" marginwidth=\"0\" marginheight=\"0\" scrolling=\"no\" class=\"wp-embedded-content\"><\/iframe><script type=\"text\/javascript\">\n\/* <![CDATA[ *\/\n\/*! This file is auto-generated *\/\n!function(d,l){\"use strict\";l.querySelector&&d.addEventListener&&\"undefined\"!=typeof URL&&(d.wp=d.wp||{},d.wp.receiveEmbedMessage||(d.wp.receiveEmbedMessage=function(e){var t=e.data;if((t||t.secret||t.message||t.value)&&!\/[^a-zA-Z0-9]\/.test(t.secret)){for(var s,r,n,a=l.querySelectorAll('iframe[data-secret=\"'+t.secret+'\"]'),o=l.querySelectorAll('blockquote[data-secret=\"'+t.secret+'\"]'),c=new RegExp(\"^https?:$\",\"i\"),i=0;i<o.length;i++)o[i].style.display=\"none\";for(i=0;i<a.length;i++)s=a[i],e.source===s.contentWindow&&(s.removeAttribute(\"style\"),\"height\"===t.message?(1e3<(r=parseInt(t.value,10))?r=1e3:~~r<200&&(r=200),s.height=r):\"link\"===t.message&&(r=new URL(s.getAttribute(\"src\")),n=new URL(t.value),c.test(n.protocol))&&n.host===r.host&&l.activeElement===s&&(d.top.location.href=t.value))}},d.addEventListener(\"message\",d.wp.receiveEmbedMessage,!1),l.addEventListener(\"DOMContentLoaded\",function(){for(var e,t,s=l.querySelectorAll(\"iframe.wp-embedded-content\"),r=0;r<s.length;r++)(t=(e=s[r]).getAttribute(\"data-secret\"))||(t=Math.random().toString(36).substring(2,12),e.src+=\"#?secret=\"+t,e.setAttribute(\"data-secret\",t)),e.contentWindow.postMessage({message:\"ready\",secret:t},\"*\")},!1)))}(window,document);\n\/* ]]> *\/\n<\/script>\n","thumbnail_url":"https:\/\/www.mapadehoteis.com.br\/blog\/wp-content\/uploads\/2025\/04\/nomade-festival-2025.webp","thumbnail_width":1300,"thumbnail_height":730,"description":"O N\u00f4made Festival acontece nos dias 03 e 04 de maio no Parque Villa-Lobos, em S\u00e3o Paulo. A promessa do festival \u00e9 clara: celebrar a diversidade da m\u00fasica brasileira em grande estilo. Alcione e Jo\u00e3o Gomes s\u00e3o alguns dos nomes que marcar\u00e3o presen\u00e7a no festival. Como surgiu o Festival N\u00f4made Criado pela Ag\u00eancia InHaus, o [&hellip;]"}

| Blog Mapa de Hotéis

Nômade Festival 2025: Atrações e Onde de Hospedar

<blockquote class="wp-embedded-content" data-secret="5aLK64SWLc"><a href="https://www.mapadehoteis.com.br/blog/festas/nomade-festival-2025-atracoes-e-onde-de-hospedar/">Nômade Festival 2025: Atrações e Onde de Hospedar</a></blockquote><iframe sandbox="allow-scripts" security="restricted" src="https://www.mapadehoteis.com.br/blog/festas/nomade-festival-2025-atracoes-e-onde-de-hospedar/embed/#?secret=5aLK64SWLc" width="600" height="338" title="&#8220;Nômade Festival 2025: Atrações e Onde de Hospedar&#8221; &#8212; | Blog Mapa de Hotéis" data-secret="5aLK64SWLc" frameborder="0" marginwidth="0" marginheight="0" scrolling="no" class="wp-embedded-content"></iframe><script type="text/javascript">
/* <![CDATA[ */
/*! This file is auto-generated */
!function(d,l){"use strict";l.querySelector&&d.addEventListener&&"undefined"!=typeof URL&&(d.wp=d.wp||{},d.wp.receiveEmbedMessage||(d.wp.receiveEmbedMessage=function(e){var t=e.data;if((t||t.secret||t.message||t.value)&&!/[^a-zA-Z0-9]/.test(t.secret)){for(var s,r,n,a=l.querySelectorAll('iframe[data-secret="'+t.secret+'"]'),o=l.querySelectorAll('blockquote[data-secret="'+t.secret+'"]'),c=new RegExp("^https?:$","i"),i=0;i<o.length;i++)o[i].style.display="none";for(i=0;i<a.length;i++)s=a[i],e.source===s.contentWindow&&(s.removeAttribute("style"),"height"===t.message?(1e3<(r=parseInt(t.value,10))?r=1e3:~~r<200&&(r=200),s.height=r):"link"===t.message&&(r=new URL(s.getAttribute("src")),n=new URL(t.value),c.test(n.protocol))&&n.host===r.host&&l.activeElement===s&&(d.top.location.href=t.value))}},d.addEventListener("message",d.wp.receiveEmbedMessage,!1),l.addEventListener("DOMContentLoaded",function(){for(var e,t,s=l.querySelectorAll("iframe.wp-embedded-content"),r=0;r<s.length;r++)(t=(e=s[r]).getAttribute("data-secret"))||(t=Math.random().toString(36).substring(2,12),e.src+="#?secret="+t,e.setAttribute("data-secret",t)),e.contentWindow.postMessage({message:"ready",secret:t},"*")},!1)))}(window,document);
/* ]]> */
</script>

O Nômade Festival acontece nos dias 03 e 04 de maio no Parque Villa-Lobos, em São Paulo. A promessa do festival é clara: celebrar a diversidade da música brasileira em grande estilo. Alcione e João Gomes são alguns dos nomes que marcarão presença no festival. Como surgiu o Festival Nômade Criado pela Agência InHaus, o [&hellip;]
